red thousands digit of 33419842?
4
What is the thousands digit of 322414285?
4
What is the hundred thousands digit of 4405174187?
1
What is the hundred thousands digit of 22781983?
7
What is the hundreds digit of 873625434?
4
What is the ten millions digit of 2930851545?
3
What is the billions digit of 1604046620?
1
What is the millions digit of 163375396?
3
What is the ten thousands digit of 31422647?
2
What is the hundred thousands digit of 325617332?
6
What is the hundred thousands digit of 9244914633?
9
What is the millions digit of 88640332?
8
What is the tens digit of 1175918313?
1
What is the millions digit of 2226364310?
6
What is the ten thousands digit of 603587319?
8
What is the ten thousands digit of 419170463?
7
What is the tens digit of 248365732?
3
What is the ten millions digit of 1387511868?
8
What is the hundred millions digit of 134222721?
1
What is the millions digit of 163053060?
3
What is the thousands digit of 28353977?
3
What is the tens digit of 45837246?
4
What is the hundreds digit of 1259641751?
7
What is the hundred millions digit of 700049773?
7
What is the thousands digit of 1042657471?
7
What is the hundreds digit of 1721532319?
3
What is the millions digit of 205384656?
5
What is the hundred thousands digit of 62259050?
2
What is the millions digit of 1017347678?
7
What is the millions digit of 36031996?
6
What is the ten millions digit of 126292136?
2
What is the hundred thousands digit of 18829812?
8
What is the tens digit of 31514365?
6
What is the tens digit of 351353286?
8
What is the units digit of 137316970?
0
What is the units digit of 2802904334?
4
What is the tens digit of 4226137940?
4
What is the millions digit of 2844370?
2
What is the billions digit of 2645223989?
2
What is the ten thousands digit of 12992389?
9
What is the thousands digit of 192032327?
2
What is the hundred millions digit of 3085510153?
0
What is the ten thousands digit of 20191922?
9
What is the ten thousands digit of 50242897?
4
What is the ten millions digit of 2923996035?
2
What is the thousands digit of 45440169?
0
What is the hundred millions digit of 1625145642?
6
What is the thousands digit of 74928584?
8
What is the hundreds digit of 128918910?
9
What is the billions digit of 7447385064?
7
What is the hundred millions digit of 269265918?
2
What is the thousands digit of 72754566?
4
What is the thousands digit of 104074711?
4
What is the millions digit of 1107049205?
7
What is the hundred thousands digit of 15951998?
9
What is the hundred millions digit of 437545183?
4
What is the millions digit of 54808483?
4
What is the millions digit of 52578954?
2
What is the hundred millions digit of 130561161?
1
What is the millions digit of 533700810?
3
What is the hundred millions digit of 153826222?
1
What is the ten millions digit of 5110544775?
1
What is the millions digit of 136104812?
6
What is the hundred millions digit of 1009288041?
0
What is the hundreds digit of 70286240?
2
What is the billions digit of 3667186755?
3
What is the hundred thousands digit of 574230960?
2
What is the tens digit of 152009898?
9
What is the hundred millions digit of 101475557?
1
What is the hundreds digit of 8314417?
4
What is the units digit of 50467508?
8
What is the millions digit of 75460278?
5
What is the hundred thousands digit of 218211971?
2
What is the units digit of 306084118?
8
What is the units digit of 700069581?
1
What is the hundred thousands digit of 255536513?
5
What is the hundred thousands digit of 261895222?
8
What is the millions digit of 257238294?
7
What is the hundred millions digit of 405745225?
4
What is the tens digit of 286053598?
9
What is the ten millions digit of 613384502?
1
What is the thousands digit of 227503992?
3
What is the units digit of 36644707?
7
What is the hundred thousands digit of 303471386?
4
What is the thousands digit of 2008484750?
4
What is the tens digit of 41113905?
0
What is the hundreds digit of 8488542653?
6
What is the millions digit of 68368247?
8
What is the thousands digit of 8079648212?
8
What is the tens digit of 28309634?
3
What is the thousands digit of 275595273?
5
What is the hundreds digit of 297543612?
6
What is the hundred thousands digit of 83552263?
5
What is the tens digit of 838744046?
4
What is the hundred thousands digit of 106643899?
6
What is the ten millions digit of 223616195?
2
What is the ten thousands digit of 562052792?
5
What is the hundred millions digit of 2349204465?
3
What is the tens digit of 13608271?
7
What is the units digit of 348443416?
6
What is the tens digit of 50749039?
3
What is the hundred thousands digit of 52628422?
6
What is the ten thousands digit of 913728450?
2
What is the thousands digit of 16993265?
3
What is the tens digit of 135974183?
8
What is the hundreds digit of 1408919642?
6
What is the billions digit of 1147559373?
1
What is the ten thousands digit of 53131067?
3
What is the units digit of 3306943962?
2
What is the tens digit of 88192227?
2
What is the millions digit of 655024843?
5
What is the tens digit of 373389264?
6
What is the tens digit of 1989994908?
0
What is the ten thousands digit of 1619710971?
1
What is the millions digit of 26429131?
6
What is the ten thousands digit of 44173600?
7
What is the tens digit of 1975054024?
2
What is the tens digit of 86931005?
0
What is the hundreds digit of 180683153?
1
What is the hundred thousands digit of 2760607262?
6
What is the thousands digit of 87218523?
8
What is the units digit of 1358741196?
6
What is the hundreds digit of 729760157?
1
What is the hundred thousands digit of 1462856217?
8
What is the hundred millions digit of 2687814759?
6
What is the hundred millions digit of 1444194793?
4
What is the tens digit of 1169257010?
1
What is the tens digit of 21059222?
2
What is the millions digit of 103741554?
3
What is the hundred thousands digit of 49571095?
5
What is the ten millions digit of 60055608?
6
What is the ten thousands digit of 89396346?
9
What is the ten thousands digit of 4908408108?
0
What is the millions digit of 628729674?
8
What is the hundred thousands digit of 75846840?
8
What is the tens digit of 102515593?
9
What is the tens digit of 666232281?
8
What is the hundred thousands digit of 74623164?
6
What is the units digit of 4461608586?
6
What is the hundreds digit of 16262616?
6
What is the units digit of 33211591?
1
What is the millions digit of 91667949?
1
What is the ten millions digit of 173415867?
7
What is the hundreds digit of 1753326240?
2
What is the ten millions digit of 1570045537?
7
What is the hundreds digit of 30049395?
3
What is the units digit of 4231233?
3
What is the billions digit of 3994158156?
3
What is the units digit of 358485018?
8
What is the units digit of 2638601047?
7
What is the ten thousands digit of 385103803?
0
What is the millions digit of 298866747?
8
What is the millions digit of 6590693?
6
What is the ten millions digit of 1035653364?
3
What is the ten thousands digit of 42100703?
0
What is the thousands digit of 37455599?
5
What is the hundreds digit of 138542413?
4
What is the hundreds digit of 23948483?
4
What is the ten millions digit of 478697050?
7
What is the thousands digit of 497420265?
0
What is the ten thousands digit of 47158211?
5
What is the thousands digit of 162861894?
1
What is the ten thousands digit of 862660492?
6
What is the millions digit of 1113626?
1
What is the ten millions digit of 119673772?
1
What is the ten thousands digit of 272538649?
3
What is the hundred millions digit of 1141300552?
1
What is the hundreds digit of 506897270?
2
What is the ten millions digit of 402289455?
0
What is the thousands digit of 729613195?
3
What is the tens digit of 117405435?
3
What is the tens digit of 1567329963?
6
What is the hundred millions digit of 423143885?
4
What is the hundred thousands digit of 796796600?
7
What is the units digit of 1352559500?
0
What is the tens digit of 120862283?
8
What is the hundreds digit of 92468682?
6
What is the millions digit of 86380359?
6
What is the hundred millions digit of 4545098607?
5
What is the ten millions digit of 62073812?
6
What is the hundred thousands digit of 1847589905?
5
What is the hundreds digit of 419719064?
0
What is the tens digit of 143098366?